{"id":3211,"date":"2023-07-28T14:21:43","date_gmt":"2023-07-28T19:21:43","guid":{"rendered":"http:\/\/motores-japoneses.com\/nueva\/?page_id=3211"},"modified":"2023-08-08T09:46:17","modified_gmt":"2023-08-08T14:46:17","slug":"tipos-de-frenos","status":"publish","type":"page","link":"https:\/\/motores-japoneses.com\/nueva\/tipos-de-frenos\/","title":{"rendered":"Tipos De Frenos"},"content":{"rendered":"<section class=\"wpb-content-wrapper\"><p>[vc_row][vc_column][vc_custom_heading text=&#8221;Tipos De Frenos&#8221; font_container=&#8221;tag:h2|font_size:32px|text_align:center|color:%231e8541&#8243; google_fonts=&#8221;font_family:Roboto%3A100%2C100italic%2C300%2C300italic%2Cregular%2Citalic%2C500%2C500italic%2C700%2C700italic%2C900%2C900italic|font_style:700%20bold%20regular%3A700%3Anormal&#8221;][vc_empty_space][\/vc_column][\/vc_row][vc_row][vc_column][vc_column_text]<\/p>\n<p style=\"text-align: justify; font-size: 18px; color: black;\">Los frenos son un dispositivo mec\u00e1nico que se aplica a la superficie de un eje, una rueda o un disco giratorio, de manera que reduce el movimiento mediante fricci\u00f3n. El freno est\u00e1 revestido con un material resistente al calor que no se desgasta con facilidad ni se alisa ni se vuelve resbaladizo. Un autom\u00f3vil tiene generalmente dos formas para activar los frenos: el freno de mano o de emergencia, y el freno de pie o pedal. El freno de pedal es aquel que act\u00faa sobre las cuatro ruedas, ya sea para reducir la velocidad o para detener el veh\u00edculo por completo. Mientras que el freno de mano o de emergencia suele actuar s\u00f3lo sobre las ruedas traseras o sobre el \u00e1rbol de la transmisi\u00f3n y act\u00faa como un freno auxiliar. Los frenos pueden ser de varios tipos: de disco, de tambor, hidr\u00e1ulicos o de aire.<\/p>\n<p>[\/vc_column_text][vc_empty_space][\/vc_column][\/vc_row][vc_row][vc_column][vc_tta_tabs][vc_tta_section title=&#8221;Frenos De Disco&#8221; tab_id=&#8221;1690573134867-7e87164f-326a&#8221;][vc_column_text]<\/p>\n<p style=\"text-align: justify; font-size: 18px; color: black;\">Los frenos de disco consisten en un par de pastillas montadas en un dispositivo que acciona hidr\u00e1ulicamente, apretando las caras del disco de freno sujeto a la rueda. Los frenos de disco aplican la potencia de frenado de forma constante y m\u00e1s controlada que los frenos de tambor y son tambi\u00e9n m\u00e1s resistentes a la reducci\u00f3n de frenado. Los frenos de disco han ido reemplazando a los frenos de tambor.<\/p>\n<p>[\/vc_column_text][\/vc_tta_section][vc_tta_section title=&#8221;Frenos De Tambor&#8221; tab_id=&#8221;1690573134877-6282fc5c-39c5&#8243;][vc_column_text]<\/p>\n<p style=\"text-align: justify; font-size: 18px; color: black;\">Los frenos de tambor, por su parte est\u00e1n formados por una tira convexa de amianto (asbesto) o material similar que se fuerza contra el interior de un tambor de acero unido a la rueda produciendo la frenada.<\/p>\n<p>[\/vc_column_text][\/vc_tta_section][vc_tta_section title=&#8221;Frenos Hidr\u00e1ulicos&#8221; tab_id=&#8221;1690573171304-f411ce40-b22a&#8221;][vc_column_text]<\/p>\n<p style=\"text-align: justify; font-size: 18px; color: black;\">Los frenos hidr\u00e1ulicos en las cuatro ruedas utilizados hoy en la mayor\u00eda de los autom\u00f3viles y camiones se alinean de forma autom\u00e1tica. Cuando el conductor pisa el pedal del freno, el fluido hidr\u00e1ulico se env\u00eda con la misma presi\u00f3n desde el cilindro maestro a todas las zapatas de freno, aplic\u00e1ndose la misma fuerza de frenado en todas las ruedas.<\/p>\n<p>[\/vc_column_text][\/vc_tta_section][\/vc_tta_tabs][\/vc_column][\/vc_row][vc_row][vc_column][vc_empty_space][\/vc_column][\/vc_row][vc_row][vc_column][\/vc_column][\/vc_row][vc_row][vc_column width=&#8221;1\/2&#8243;][vc_single_image image=&#8221;3225&#8243; img_size=&#8221;600&#215;450&#8243; style=&#8221;vc_box_shadow&#8221;][\/vc_column][vc_column width=&#8221;1\/2&#8243;][vc_custom_heading text=&#8221;Frenos De Aire&#8221; font_container=&#8221;tag:h2|font_size:32px|text_align:center|color:%231e8541&#8243; google_fonts=&#8221;font_family:Roboto%3A100%2C100italic%2C300%2C300italic%2Cregular%2Citalic%2C500%2C500italic%2C700%2C700italic%2C900%2C900italic|font_style:700%20bold%20regular%3A700%3Anormal&#8221;][vc_empty_space][vc_column_text]<\/p>\n<p style=\"text-align: justify; font-size: 18px; color: black;\">Los frenos son un dispositivo mec\u00e1nico que se aplica a la superficie de un eje, una rueda o un disco giratorio, de manera que reduce el movimiento mediante fricci\u00f3n. El freno est\u00e1 revestido con un material resistente al calor que no se desgasta con facilidad ni se alisa ni se vuelve resbaladizo. Un autom\u00f3vil tiene generalmente dos formas para activar los frenos: el freno de mano o de emergencia, y el freno de pie o pedal. El freno de pedal es aquel que act\u00faa sobre las cuatro ruedas, ya sea para reducir la velocidad o para detener el veh\u00edculo por completo. Mientras que el freno de mano o de emergencia suele actuar s\u00f3lo sobre las ruedas traseras o sobre el \u00e1rbol de la transmisi\u00f3n y act\u00faa como un freno auxiliar. Los frenos pueden ser de varios tipos: de disco, de tambor, hidr\u00e1ulicos o de aire.<\/p>\n<p>[\/vc_column_text][\/vc_column][\/vc_row]<\/p>\n<\/section>","protected":false},"excerpt":{"rendered":"<p>[vc_row][vc_column][vc_custom_heading text=&#8221;Tipos De Frenos&#8221; font_container=&#8221;tag:h2|font_size:32px|text_align:center|color:%231e8541&#8243; google_fonts=&#8221;font_family:Roboto%3A100%2C100italic%2C300%2C300italic%2Cregular%2Citalic%2C500%2C500italic%2C700%2C700italic%2C900%2C900italic|font_style:700%20bold%20regular%3A700%3Anormal&#8221;][vc_empty_space][\/vc_column][\/vc_row][vc_row][vc_column][vc_column_text] Los frenos son un dispositivo mec\u00e1nico que se aplica a la superficie de un eje, una rueda o un disco giratorio, de manera que reduce el movimiento mediante fricci\u00f3n. El freno est\u00e1 revestido con un material resistente al calor que no se desgasta con facilidad ni se alisa ni &hellip; <a href=\"https:\/\/motores-japoneses.com\/nueva\/tipos-de-frenos\/\" class=\"more-link\">Continue reading <span class=\"screen-reader-text\">Tipos De Frenos<\/span><\/a><\/p>\n","protected":false},"author":1,"featured_media":0,"parent":0,"menu_order":0,"comment_status":"closed","ping_status":"closed","template":"","meta":{"footnotes":""},"class_list":["post-3211","page","type-page","status-publish","hentry"],"yoast_head":"<!-- This site is optimized with the Yoast SEO plugin v26.0 - https:\/\/yoast.com\/wordpress\/plugins\/seo\/ -->\n<title>Tipos De Frenos - MOTORES JAPONESES<\/title>\n<meta name=\"robots\" content=\"index, follow, max-snippet:-1, max-image-preview:large, max-video-preview:-1\" \/>\n<link rel=\"canonical\" href=\"https:\/\/motores-japoneses.com\/nueva\/tipos-de-frenos\/\" \/>\n<meta property=\"og:locale\" content=\"es_ES\" \/>\n<meta property=\"og:type\" content=\"article\" \/>\n<meta property=\"og:title\" content=\"Tipos De Frenos - MOTORES JAPONESES\" \/>\n<meta property=\"og:description\" content=\"[vc_row][vc_column][vc_custom_heading text=&#8221;Tipos De Frenos&#8221; font_container=&#8221;tag:h2|font_size:32px|text_align:center|color:%231e8541&#8243; google_fonts=&#8221;font_family:Roboto%3A100%2C100italic%2C300%2C300italic%2Cregular%2Citalic%2C500%2C500italic%2C700%2C700italic%2C900%2C900italic|font_style:700%20bold%20regular%3A700%3Anormal&#8221;][vc_empty_space][\/vc_column][\/vc_row][vc_row][vc_column][vc_column_text] Los frenos son un dispositivo mec\u00e1nico que se aplica a la superficie de un eje, una rueda o un disco giratorio, de manera que reduce el movimiento mediante fricci\u00f3n. El freno est\u00e1 revestido con un material resistente al calor que no se desgasta con facilidad ni se alisa ni &hellip; Continue reading Tipos De Frenos\" \/>\n<meta property=\"og:url\" content=\"https:\/\/motores-japoneses.com\/nueva\/tipos-de-frenos\/\" \/>\n<meta property=\"og:site_name\" content=\"MOTORES JAPONESES\" \/>\n<meta property=\"article:publisher\" content=\"https:\/\/www.facebook.com\/MotoresJaponeses.col\/?locale=es_LA\" \/>\n<meta property=\"article:modified_time\" content=\"2023-08-08T14:46:17+00:00\" \/>\n<meta name=\"twitter:card\" content=\"summary_large_image\" \/>\n<meta name=\"twitter:label1\" content=\"Tiempo de lectura\" \/>\n\t<meta name=\"twitter:data1\" content=\"4 minutos\" \/>\n<script type=\"application\/ld+json\" class=\"yoast-schema-graph\">{\"@context\":\"https:\/\/schema.org\",\"@graph\":[{\"@type\":\"WebPage\",\"@id\":\"https:\/\/motores-japoneses.com\/nueva\/tipos-de-frenos\/\",\"url\":\"https:\/\/motores-japoneses.com\/nueva\/tipos-de-frenos\/\",\"name\":\"Tipos De Frenos - MOTORES JAPONESES\",\"isPartOf\":{\"@id\":\"http:\/\/motores-japoneses.com\/nueva\/#website\"},\"datePublished\":\"2023-07-28T19:21:43+00:00\",\"dateModified\":\"2023-08-08T14:46:17+00:00\",\"breadcrumb\":{\"@id\":\"https:\/\/motores-japoneses.com\/nueva\/tipos-de-frenos\/#breadcrumb\"},\"inLanguage\":\"es-CO\",\"potentialAction\":[{\"@type\":\"ReadAction\",\"target\":[\"https:\/\/motores-japoneses.com\/nueva\/tipos-de-frenos\/\"]}]},{\"@type\":\"BreadcrumbList\",\"@id\":\"https:\/\/motores-japoneses.com\/nueva\/tipos-de-frenos\/#breadcrumb\",\"itemListElement\":[{\"@type\":\"ListItem\",\"position\":1,\"name\":\"Inicio\",\"item\":\"http:\/\/motores-japoneses.com\/nueva\/\"},{\"@type\":\"ListItem\",\"position\":2,\"name\":\"Tipos De Frenos\"}]},{\"@type\":\"WebSite\",\"@id\":\"http:\/\/motores-japoneses.com\/nueva\/#website\",\"url\":\"http:\/\/motores-japoneses.com\/nueva\/\",\"name\":\"MOTORES JAPONESES S.A.S\",\"description\":\"Importamos para usted repuestos automotores\",\"publisher\":{\"@id\":\"http:\/\/motores-japoneses.com\/nueva\/#organization\"},\"potentialAction\":[{\"@type\":\"SearchAction\",\"target\":{\"@type\":\"EntryPoint\",\"urlTemplate\":\"http:\/\/motores-japoneses.com\/nueva\/?s={search_term_string}\"},\"query-input\":{\"@type\":\"PropertyValueSpecification\",\"valueRequired\":true,\"valueName\":\"search_term_string\"}}],\"inLanguage\":\"es-CO\"},{\"@type\":\"Organization\",\"@id\":\"http:\/\/motores-japoneses.com\/nueva\/#organization\",\"name\":\"MOTORES JAPONESES S.A.S\",\"url\":\"http:\/\/motores-japoneses.com\/nueva\/\",\"logo\":{\"@type\":\"ImageObject\",\"inLanguage\":\"es-CO\",\"@id\":\"http:\/\/motores-japoneses.com\/nueva\/#\/schema\/logo\/image\/\",\"url\":\"https:\/\/motores-japoneses.com\/nueva\/wp-content\/uploads\/2023\/10\/fondo-blanco-sas-png.png\",\"contentUrl\":\"https:\/\/motores-japoneses.com\/nueva\/wp-content\/uploads\/2023\/10\/fondo-blanco-sas-png.png\",\"width\":802,\"height\":330,\"caption\":\"MOTORES JAPONESES S.A.S\"},\"image\":{\"@id\":\"http:\/\/motores-japoneses.com\/nueva\/#\/schema\/logo\/image\/\"},\"sameAs\":[\"https:\/\/www.facebook.com\/MotoresJaponeses.col\/?locale=es_LA\",\"https:\/\/www.instagram.com\/motoresjaponeses.col\/\"]}]}<\/script>\n<!-- \/ Yoast SEO plugin. -->","yoast_head_json":{"title":"Tipos De Frenos - MOTORES JAPONESES","robots":{"index":"index","follow":"follow","max-snippet":"max-snippet:-1","max-image-preview":"max-image-preview:large","max-video-preview":"max-video-preview:-1"},"canonical":"https:\/\/motores-japoneses.com\/nueva\/tipos-de-frenos\/","og_locale":"es_ES","og_type":"article","og_title":"Tipos De Frenos - MOTORES JAPONESES","og_description":"[vc_row][vc_column][vc_custom_heading text=&#8221;Tipos De Frenos&#8221; font_container=&#8221;tag:h2|font_size:32px|text_align:center|color:%231e8541&#8243; google_fonts=&#8221;font_family:Roboto%3A100%2C100italic%2C300%2C300italic%2Cregular%2Citalic%2C500%2C500italic%2C700%2C700italic%2C900%2C900italic|font_style:700%20bold%20regular%3A700%3Anormal&#8221;][vc_empty_space][\/vc_column][\/vc_row][vc_row][vc_column][vc_column_text] Los frenos son un dispositivo mec\u00e1nico que se aplica a la superficie de un eje, una rueda o un disco giratorio, de manera que reduce el movimiento mediante fricci\u00f3n. El freno est\u00e1 revestido con un material resistente al calor que no se desgasta con facilidad ni se alisa ni &hellip; Continue reading Tipos De Frenos","og_url":"https:\/\/motores-japoneses.com\/nueva\/tipos-de-frenos\/","og_site_name":"MOTORES JAPONESES","article_publisher":"https:\/\/www.facebook.com\/MotoresJaponeses.col\/?locale=es_LA","article_modified_time":"2023-08-08T14:46:17+00:00","twitter_card":"summary_large_image","twitter_misc":{"Tiempo de lectura":"4 minutos"},"schema":{"@context":"https:\/\/schema.org","@graph":[{"@type":"WebPage","@id":"https:\/\/motores-japoneses.com\/nueva\/tipos-de-frenos\/","url":"https:\/\/motores-japoneses.com\/nueva\/tipos-de-frenos\/","name":"Tipos De Frenos - MOTORES JAPONESES","isPartOf":{"@id":"http:\/\/motores-japoneses.com\/nueva\/#website"},"datePublished":"2023-07-28T19:21:43+00:00","dateModified":"2023-08-08T14:46:17+00:00","breadcrumb":{"@id":"https:\/\/motores-japoneses.com\/nueva\/tipos-de-frenos\/#breadcrumb"},"inLanguage":"es-CO","potentialAction":[{"@type":"ReadAction","target":["https:\/\/motores-japoneses.com\/nueva\/tipos-de-frenos\/"]}]},{"@type":"BreadcrumbList","@id":"https:\/\/motores-japoneses.com\/nueva\/tipos-de-frenos\/#breadcrumb","itemListElement":[{"@type":"ListItem","position":1,"name":"Inicio","item":"http:\/\/motores-japoneses.com\/nueva\/"},{"@type":"ListItem","position":2,"name":"Tipos De Frenos"}]},{"@type":"WebSite","@id":"http:\/\/motores-japoneses.com\/nueva\/#website","url":"http:\/\/motores-japoneses.com\/nueva\/","name":"MOTORES JAPONESES S.A.S","description":"Importamos para usted repuestos automotores","publisher":{"@id":"http:\/\/motores-japoneses.com\/nueva\/#organization"},"potentialAction":[{"@type":"SearchAction","target":{"@type":"EntryPoint","urlTemplate":"http:\/\/motores-japoneses.com\/nueva\/?s={search_term_string}"},"query-input":{"@type":"PropertyValueSpecification","valueRequired":true,"valueName":"search_term_string"}}],"inLanguage":"es-CO"},{"@type":"Organization","@id":"http:\/\/motores-japoneses.com\/nueva\/#organization","name":"MOTORES JAPONESES S.A.S","url":"http:\/\/motores-japoneses.com\/nueva\/","logo":{"@type":"ImageObject","inLanguage":"es-CO","@id":"http:\/\/motores-japoneses.com\/nueva\/#\/schema\/logo\/image\/","url":"https:\/\/motores-japoneses.com\/nueva\/wp-content\/uploads\/2023\/10\/fondo-blanco-sas-png.png","contentUrl":"https:\/\/motores-japoneses.com\/nueva\/wp-content\/uploads\/2023\/10\/fondo-blanco-sas-png.png","width":802,"height":330,"caption":"MOTORES JAPONESES S.A.S"},"image":{"@id":"http:\/\/motores-japoneses.com\/nueva\/#\/schema\/logo\/image\/"},"sameAs":["https:\/\/www.facebook.com\/MotoresJaponeses.col\/?locale=es_LA","https:\/\/www.instagram.com\/motoresjaponeses.col\/"]}]}},"_links":{"self":[{"href":"https:\/\/motores-japoneses.com\/nueva\/wp-json\/wp\/v2\/pages\/3211","targetHints":{"allow":["GET"]}}],"collection":[{"href":"https:\/\/motores-japoneses.com\/nueva\/wp-json\/wp\/v2\/pages"}],"about":[{"href":"https:\/\/motores-japoneses.com\/nueva\/wp-json\/wp\/v2\/types\/page"}],"author":[{"embeddable":true,"href":"https:\/\/motores-japoneses.com\/nueva\/wp-json\/wp\/v2\/users\/1"}],"replies":[{"embeddable":true,"href":"https:\/\/motores-japoneses.com\/nueva\/wp-json\/wp\/v2\/comments?post=3211"}],"version-history":[{"count":24,"href":"https:\/\/motores-japoneses.com\/nueva\/wp-json\/wp\/v2\/pages\/3211\/revisions"}],"predecessor-version":[{"id":3349,"href":"https:\/\/motores-japoneses.com\/nueva\/wp-json\/wp\/v2\/pages\/3211\/revisions\/3349"}],"wp:attachment":[{"href":"https:\/\/motores-japoneses.com\/nueva\/wp-json\/wp\/v2\/media?parent=3211"}],"curies":[{"name":"wp","href":"https:\/\/api.w.org\/{rel}","templated":true}]}}